k and 4?
4
Let o(q) = 2*q**2 - 8*q + 12. Let b be o(2). Let f = 4 + 0. What is the greatest common factor of f and b?
4
Let z = 130 + -91. What is the highest common divisor of 104 and z?
13
Suppose -25*o = 30*o + 110. Suppose -4*n + 15 - 3 = 0. Let w = o + n. Calculate the highest common divisor of 4 and w.
1
Let s be (-30)/(-5) + (-2 - -3) + 2. Suppose -66 - 33 = -s*r. Calculate the greatest common divisor of r and 11.
11
Let c be (-35 + 34 + -1*2)*-744. Calculate the greatest common divisor of c and 72.
72
Suppose 30*v = -2*v + 896. Suppose 0*q - 5 = -q. Suppose -n = -q*m + 19, 5*m - m - 14 = 2*n. Calculate the highest common factor of m and v.
4
Let s = 414 + -374. Calculate the greatest common divisor of s and 220.
20
Suppose 0 = d - 17 - 169. Calculate the highest common divisor of d and 124.
62
Suppose 2*l = -6, -2*w + 4*l = -6*w + 164. Suppose 5*u = 241 + 309. Suppose -v = -2*v + u. Calculate the highest common factor of v and w.
22
Suppose -6*f = -8*f + 4. Suppose -3*l + 222 = f*i, 3*i - 363 = -5*l + 2*i. Calculate the greatest common divisor of l and 8.
8
Let z(r) = r**2 - 7*r + 22. Let s be z(-10). Calculate the highest common factor of s and 1440.
96
Let w(b) = b - 2. Let c be w(0). Let o = c + 5. Let u(i) = 27*i + 2187. Let t be u(-80). Calculate the highest common divisor of t and o.
3
Let y(c) = c**3 + 3*c**2 - c - 2. Let q be y(3). Let h = q - 29. Let v be -2 - h/(-1) - -2. Calculate the highest common divisor of 50 and v.
10
Suppose 3*j + 9 - 30 = 0. Let d(w) = -w**2 + 7*w + 7. Let y be d(j). Let i(b) = 15*b - 13. Let u be i(6). Calculate the highest common factor of u and y.
7
Let n(h) = -h**3 + 9*h**2 + 14*h + 16. Let i be n(-5). Calculate the greatest common factor of i and 518.
74
Suppose 3*f - 5*u - 35 = 2*f, 3*u = -2*f + 122. Calculate the highest common factor of 10 and f.
5
Suppose -3*j - 2 - 4 = 0, -4*j + 4 = 2*c. Suppose 12 = 5*w - 4*g, 7*g = 2*w + c*g - 6. Let a be w/30 + 176/30. What is the highest common divisor of a and 24?
6
Let a = 222 - 222. Let b(v) = -v**2 + 6*v - 3. Let p be b(4). Suppose -385 = -a*y - p*y. Calculate the highest common factor of y and 11.
11
Let y be 28/56 - (1 + 495/(-6)). Calculate the greatest common factor of y and 533.
41
Suppose 305 = 4*c - 95. Calculate the greatest common factor of 75 and c.
25
Suppose 14*b - 7*b = 1183. What is the highest common divisor of 13 and b?
13
Let k be 18/27*-3*-26. What is the greatest common divisor of k and 221?
13
Let b be -1*9*(-160)/30. Let l = 139 - 67. Calculate the highest common factor of l and b.
24
Suppose -2*t + 10 = 3*o - 133, 3*o = -4*t + 283. Calculate the highest common factor of t and 42.
14
Let d(k) be the second derivative of -k**3/6 + k**2 + 4*k. Let b be 86/(-14) - 3/(-21). Let n be d(b). What is the greatest common factor of n and 4?
4
Let l(y) be the second derivative of y**4/12 + 2*y**3/3 + 7*y**2/2 + y. Let o be l(-5). What is the highest common factor of 96 and o?
12
Let h be (12/(-5))/(1/(-5)). Let b(s) = 5*s + 3. Let c be b(h). Suppose -t = 4*f - 13, -5*t - 6*f + 2*f = -97. Calculate the greatest common factor of c and t.
21
Let k be 12/(-30) - (-5)/((-50)/(-104)). What is the greatest common divisor of 310 and k?
10
Suppose 232 = -15*o + 682. Calculate the highest common divisor of 375 and o.
15
Suppose 73*k - 216 = 71*k. What is the greatest common factor of k and 12?
12
Let o = -17 + 26. Suppose 290 = 4*i - z, i - 11 = -4*z + 53. What is the greatest common factor of i and o?
9
Let g be 4 + 0 + 36*9/12. Calculate the highest common factor of g and 899.
31
Let o be (-4)/(-5) + (-1190)/50. Let s = o - 6. Let i be -2 + ((-12)/(-4) - s). What is the greatest common divisor of 20 and i?
10
Suppose 10*x - 1560 = -16*x. Calculate the highest common factor of x and 48.
12
Suppose 3 = -c, 3*p = 7*c - 5*c + 357. Suppose -10*s + 1243 = -p. What is the greatest common divisor of s and 17?
17
Suppose 0 = -111*r + 118*r - 616. Calculate the greatest common factor of 24 and r.
8
Let d be (-3649)/(-445) + (-1 - 9/(-5)). Calculate the highest common divisor of 2277 and d.
9
Suppose -5*q + 2*m + 0*m = 135, -5*q = 4*m + 165. Let w = 56 + q. Calculate the highest common factor of 9 and w.
9
Suppose -41*x + 49*x - 64 = 0. What is the highest common divisor of x and 22?
2
Let q(c) = c**3 + 6*c**2 - 2*c - 5. Let g be q(-5). Let w be -48 + 1/(3/9). Let b = 75 + w. What is the highest common factor of b and g?
30
Suppose 43*r = -58*r - 65*r + 4482. Let o = 5 + -10. Let t be 18/o*(0 - 5). Calculate the highest common divisor of t and r.
9
Suppose 3*p - 1177 = -1105. Let h(i) be the first derivative of -i**3/3 - 15*i**2/2 - 14*i - 2. Let g be h(-10). What is the highest common divisor of p and g?
12
Let i be -14*-1*(16 + 9). What is the greatest common factor of 490 and i?
70
Let y(t) = 32*t + 259. Let r be y(-7). Calculate the greatest common divisor of 1 and r.
1
Let z be 32/(-10)*(-3 + -2). Suppose -44 = -3*v + v. Let m = -18 + v. What is the greatest common divisor of z and m?
4
Let q = 60 + -21. Let v = -23 + q. What is the greatest common factor of 112 and v?
16
Let q be (-12)/3 + 12/(24/1418). What is the greatest common divisor of q and 30?
15
Suppose 4 = 2*c - 2. Suppose h = -c + 8, 5*m - 3*h = 0. What is the highest common factor of m and 24?
3
Suppose 15 = -8*i + 39. Let q = 11 + -8. Suppose q*k = k - u + 53, 4*k = -5*u + 103. What is the highest common factor of k and i?
3
Suppose -368 - 357 = -5*z. Suppose h = 40 + 60. Suppose 5*d - 133 = 3*p, 4*p + h = 7*d - 3*d. Calculate the greatest common divisor of z and d.
29
Let l(d) = d**3 - 15*d**2 + 44*d - 56. Let j be l(12). Calculate the greatest common factor of 30 and j.
10
Let o(d) = -5*d - 11. Let m be o(-3). Suppose -4*h = m*j - 68, 2*h - 19 = 4*j - 3*j. What is the highest common divisor of h and 24?
12
Let j be (-8)/(-28) + (-4)/14. Suppose 3*c + 3*h - 2*h = 270, 4*h = j. What is the greatest common divisor of 18 and c?
18
Suppose g - 52 = -3*j, 0*g = -2*j + 3*g + 42. What is the highest common divisor of j and 2?
2
Let p(k) = -27*k**3 - 9*k**2 - 11*k - 1. Let z be p(-1). Calculate the greatest common divisor of 518 and z.
14
Let q(c) = -12*c - 155. Let i be q(-30). Calculate the highest common divisor of i and 123.
41
Let r = 269 + -246. Calculate the highest common factor of 1 and r.
1
Suppose -3*k = -36 - 54. Let u(c) = c - 3. Let i = -7 - -16. Let n be u(i). Calculate the greatest common divisor of k and n.
6
Suppose 0 = 2*r + 5*t - 122, 5*t - 4*t = 0. Let l = -37 + r. Calculate the greatest common factor of 3 and l.
3
Suppose 2*i - 710 = -3*j, 3*i + 5*j - 670 - 395 = 0. Calculate the highest common factor of 71 and i.
71
Let z = -481 - -506. What is the greatest common divisor of 2 and z?
1
Let m be 5/4*(7 - (-324)/4). Calculate the highest common factor of m and 33.
11
Suppose -4*j = -9 + 5. Suppose 2*m - j = 19. Calculate the greatest common divisor of 90 and m.
10
Let h be (-14)/6 - (-4)/(-6). Let d = h - -16. Suppose -p - 1 = -2*z, -p + 3*p = -z + d. What is the highest common divisor of 33 and z?
3
Let z be 0 + -3 + 6 - 0. Let s be 1*z - (-8 - -10). Let a(m) = 64*m**3 + m**2 - m. Let h be a(s). Calculate the highest common divisor of 16 and h.
16
Suppose -5*y - 2*i + 62 = 17, -y = 5*i + 14. Suppose 4*a - 68 = 3*g, -3*a = -2*a - 5*g. Let f = 24 + a. Calculate the highest common divisor of y and f.
11
Let v be (-30)/((0 - 1)*1). Let p be 60*7/((-140)/(-12)). Suppose 13*u = 10*u + p. Calculate the greatest common divisor of v and u.
6
Suppose -3*f - 3 = -12. Let n(a) = 6*a**3 + 4*a**2 - 4*a + 1. Let l be n(f). Let r = -17 - -34. Calculate the greatest common factor of r and l.
17
Let r = -11 + 15. Let l be 225/6 + 2/r. Let w = 78 + 17. What is the greatest common divisor of w and l?
19
Let x be ((-4)/6)/(3/(-45)). Let t(j) = 4*j - 10. Let b be t(5). What is the highest common divisor of b and x?
10
Suppose -3*z + 5*s = -7*z + 35, -s = z - 10. Let j be 1569/z + 6/15. What is the greatest common factor of 15 and j?
15
Let h(y) = y**3 + 10*y**2 + 3*y - 10. Let m be h(-8). Let p be (-12)/9 - m/(-3). Suppose -2*t - t + p = 0. Calculate the greatest common factor of t and 20.
10
Let q be ((-8)/(-28))/(2/28). Let f be 49*((-6 - -4) + q). What is the greatest common divisor of 14 